f d**6/360 + d**5/120 - d**4/12 - d**3/3 + 25. Let j(x) be the third derivative of u(x). Calculate j(0).
-2
Let a(g) = g**2 + g. Let k(s) = -4*s**2 - s - 2. Let w(t) = -a(t) + k(t). Calculate w(-3).
-41
Let c(m) be the second derivative of m**5/20 - 5*m**4/12 - m**3 + 2*m**2 + 33*m - 2. Determine c(6).
4
Let q(f) be the first derivative of f**4/4 + f**3 - 3*f**2/2 - 4*f - 3. Let l(y) = y**2 - 15*y - 157. Let h be l(-7). What is q(h)?
5
Suppose 6*m = 10 + 14. Let h(c) = c - 2*c - 3 + c - m*c. Calculate h(-2).
5
Let l(u) = -u - 8. Let o(d) = -2*d + 22. Let j be o(11). Give l(j).
-8
Suppose 4*c + 4*f + 12 = 0, f + 3 = 3*c - 0. Let k(m) be the first derivative of m**3/3 + m**2/2 - 4*m + 8. Determine k(c).
-4
Let i(s) be the first derivative of 7*s**3/3 - 2*s - 19. Let m(c) = 266*c**2 - 77. Let j(q) = 77*i(q) - 2*m(q). Let g(v) = v - 5. Let u be g(6). Determine j(u).
7
Suppose -h - 10 = b, 4*h - 2*b + 3*b = -25. Let o(w) = w**2 + 4*w + 2. Determine o(h).
7
Let j(d) = -6*d + 7. Let c(m) = 16 + 2*m - 19 + m. Let z(n) = 13*c(n) + 6*j(n). What is z(-3)?
-6
Let f be ((-24)/(-216))/((-2)/(-6)). Let r(x) be the second derivative of -3*x + 2*x**2 + 0 + f*x**3. Give r(-6).
-8
Let q(s) = -3*s - 6*s**2 - 3 + 5*s**3 + 3*s**2 - 4*s**3. Let u(p) = -39*p - 309. Let k be u(-8). Give q(k).
-12
Let d(f) = -f**3 - 3*f + 3. Let s be d(0). Let c(y) be the first derivative of 0*y + s + 1/2*y**2 + 0*y**3 - 1/4*y**4. Determine c(-2).
6
Suppose 5 = k, 4*t - k = 3*t - 1. Suppose 2 = -y - 2*p + t, 5*y - 2*p = 46. Let c = 14 - y. Let r(d) = d**2 - 7*d + 7. What is r(c)?
1
Let o(l) = -23*l + 1. Let z(v) = 9*v. Let i(c) = -2*o(c) - 5*z(c). Determine i(1).
-1
Let k(n) be the first derivative of 2 + 0*n + 3/2*n**2 + 1/6*n**3 + 1/24*n**4 - 1/60*n**5. Let g(r) be the second derivative of k(r). Determine g(3).
-5
Let w(h) = h**3 + 7*h**2 - 3. Suppose -4*j = 20, -4*k + 61 = 4*j + 9. Suppose 4*i - 8 = 0, -5*i + 2 + k = 5*u. Suppose r + u + 5 = 0. Give w(r).
-3
Let p(j) = -j**2 - 3*j - 2. Suppose -11 = -3*u - c, 2*u + 0 + 2 = -3*c. Determine p(u).
-42
Let y(m) = -14*m - 8. Suppose -4*o - 3*o = -56. Let j(g) = -9*g - 5. Let u(b) = o*j(b) - 5*y(b). Give u(2).
-4
Let l(g) = 324*g**2 - 14 - 167*g**2 + 9*g - 3*g**3 + 4*g**3 - 165*g**2. Determine l(7).
0
Let p = 19 - 16. Suppose 0 = 5*z - 5*j, 8*z + p*j + 16 = 3*z. Let u(a) = 3*a - 5. Let w(f) = -6*f + 9. Let s(r) = -5*u(r) - 3*w(r). Calculate s(z).
-8
Let v(t) = t**3 - 3*t**2 - t - 2. Let y be ((-1)/2)/(3 - (-44)/(-16)). Suppose 3*n + 34 = 4*x, 0 = -2*n + 2*x - 6 - 20. Let q be y/(-9) + (-32)/n. What is v(q)?
-8
Let l(o) = 3 - 1 - 3*o + 4*o. Let y(i) = 2*i**3 - 38*i**2 + 7*i - 131. Let x be y(19). Calculate l(x).
4
Let b(z) = -2*z**2 - 1 - 7*z + 8*z - 7*z. Determine b(-4).
-9
Let u = 107 - 119. Let i(c) = c + 3. Determine i(u).
-9
Let z(c) = -3*c**3 + 3*c**2 + 4*c - 3. Let j(o) = -4*o**3 + 4*o**2 + 5*o - 4. Let a(k) = 2*j(k) - 3*z(k). Determine a(1).
-1
Let a(z) = z**3 + 3*z**2 - 2*z**2 + 2*z**2 + 2 - 2*z. Suppose 6 = -0*i + 2*i. Suppose 2*g = -6, i*g + 15 = -2*d - 0*d. What is a(d)?
8
Suppose 0*r - 4*r + 5*p - 139 = 0, 0 = 4*r + 4*p + 112. Let o be 12/16 - (-2)/8*r. Let y(w) = w**2 + 6*w. Determine y(o).
7
Let w(s) = -s**3 + 12*s**2 - 11*s - 12. Let a be 13 - ((-64)/352)/(1/(-11)). Calculate w(a).
-12
Let v(g) = g**3 - 6*g**2 - g - 6. Let c(a) = -a**3 + 5*a**2 + 2*a - 4. Let q be c(-3). Let m = -56 + q. What is v(m)?
-12
Let n(q) = -q**3 + q - 1. Let a(c) = 11*c**2 - 8 + 15*c**3 - 10*c**3 - 6*c**3 + 13*c. Let x be a(12). Suppose -15 = 3*r + 3*y, -x*r - 2*y - 3 = 11. Give n(r).
5
Let b(t) = -6*t - 4. Let n = 19 - 4. Let k = n + -17. Let l be k/(-6)*(-7 + -2). What is b(l)?
14
Suppose 0 = -0*h - h - 3. Let b(w) = -3*w - 32. Let l(j) = j + 11. Let i(r) = h*b(r) - 8*l(r). Let c be i(-6). Let z(g) = -g**2 + 2*g. Give z(c).
0
Let q = 53 - 48. Suppose 52*p = 47*p - q. Let g(r) = 5*r**2 - r. Determine g(p).
6
Let a(h) = 2*h**3 - 26*h**2 - 19*h - 22. Let m(o) = -2*o**3 + 25*o**2 + 20*o + 21. Let f(x) = 6*a(x) + 5*m(x). Let d be f(16). Let w(v) = -v - 6. Give w(d).
-11
Suppose 2*w + 3*c = 6*c + 12, 0 = -4*w - 5*c + 24. Let m(x) be the third derivative of 15*x**2 + 5/6*x**3 + 1/24*x**4 + 0*x + 0. What is m(w)?
11
Let f(a) = a**2 + 2*a - 2. Let t = 34 + -10. Let y = t - 28. Calculate f(y).
6
Suppose -2*x = -4*b - 4, 0*x - 5*b = -4*x + 5. Suppose 4*g - l = 32, x = -2*g - 2*l + 1 + 5. Let d(k) = -k + 6. Calculate d(g).
-1
Let m(d) = -d**3 - 2*d**2 + 3*d + 5. Let u = -207 - -203. Calculate m(u).
25
Suppose 0*l - 2*l = 0. Let p(z) = -2*z + 6 + l + 0. Let d(i) = -i**3 - i**2 + 2*i + 6. Let o be d(0). Determine p(o).
-6
Let k(j) = 60*j - 31*j - 2 - 31*j + 6. Let f be 1 + 0 - (-8 - -1). Let x = f - 5. Calculate k(x).
-2
Suppose 4*q + 4 = 2*q - 4*u, 4 = 5*q - 4*u. Let g(j) = -j**2 + 3*j - 2. Let m be g(q). Let h(i) = -4*i. Give h(m).
8
Let l(t) = 4*t**3 - 4*t**2 - 14*t + 42. Let y(z) = z**3 - z**2 - 3*z + 10. Let o(s) = 2*l(s) - 9*y(s). Calculate o(0).
-6
Let t(r) be the third derivative of -r**5/30 + 5*r**4/8 - 7*r**3/6 + 6*r**2 + 5. What is t(7)?
0
Let s(c) = -c - 1. Let v = -12 - -6. Let i(r) = r**3 + 6*r**2 - 3*r - 2. Let n be i(v). Suppose 4*f + 5*t = 9 - 27, 5*f + 3*t = -n. Give s(f).
1
Let z(d) = -d**2 + 4. Let f be 0 - 1*3/(-1). Let p(i) = -i**3 + i - 3*i**3 + 3*i**3 + 3 + 0*i + 2*i**2. Let r be p(f). What is z(r)?
-5
Let o(w) = w + 2*w**2 + 2 - 12*w + 14*w. Let v be 26/(-8) - 2/(-8). Calculate o(v).
11
Let n(s) be the third derivative of -s**5/60 + s**4/24 - 2*s**3/3 - s**2. Let c be (14 + -14)/((8 - 3) + -3). Calculate n(c).
-4
Suppose -3*n = -2*n + f + 8, -4*f - 16 = 2*n. Let m(h) = -h - 9. What is m(n)?
-1
Let s = -100 + 107. Let a(f) be the second derivative of -f**5/20 + 7*f**4/12 + 3*f**2 - 3*f. Calculate a(s).
6
Suppose 5*g - 2*g + 111 = -3*h, -5*g - 183 = 3*h. Let k be ((-2)/3)/((-64)/g - 2). Let a(o) = -o**3 + 4*o**2 - 3*o + 1. What is a(k)?
1
Let w(g) = 13*g + 5. Let i(l) = 25*l + 8. Let c(h) = -3*i(h) + 5*w(h). Determine c(-2).
21
Suppose -17*k + 7*k = -40. Suppose k*x = -4*x + 8. Let v(m) = 20*m**2 + m - 1. Calculate v(x).
20
Let w = -25 + 26. Let b be 1/2*(-6)/w. Let g(f) = 4*f + 1. Give g(b).
-11
Let o(j) = j**2 + 5*j + 6. Suppose -5*s = b - 2*s + 6, 0 = 4*b + 5*s - 4. Let v be (-32)/b + (-20)/(-60). Calculate o(v).
6
Let x be ((-48)/9 - -5)*-3. Suppose 5*r = -4*w + 27, -3*r = 4*w - 4*r - 9. Let a(z) = -z**2 + 4*z**2 - x + 2*z + 2*z**w - 3*z**3. What is a(3)?
5
Let b = -44 - -48. Suppose -b = 4*a - n + 2, -4*a + 2*n - 4 = 0. Let h(y) = -4*y**2 - 2*y. Calculate h(a).
-12
Let m(a) = -9*a. Suppose 2*b - 18 = -4*b. Suppose -b*c + 4*g + 11 = 0, 5*g + 20 - 7 = 3*c. What is m(c)?
-9
Let h(k) = -k + 1. Let g(j) = 10*j - 20. Let w(n) = g(n) + 12*h(n). Calculate w(-11).
14
Let y(l) be the third derivative of l**4/6 + 2*l**3/3 + 4*l**2. Suppose 65*b - 168 = 37*b. What is y(b)?
28
Let s(u) = 4*u - 7 - u**2 - 2*u + 2*u + 4*u. Suppose v + v = -8. Let o be (-1)/(-4) - 19/v. Give s(o).
8
Let p be (-76)/(-13) + (-2)/(-13). Suppose -p*m + 58 = 16. Let l(z) = m*z - 5 + z + 5. Give l(1).
8
Let r(z) = 8*z**3 + 3*z**2 - 5*z - 3. Let x(k) = -11*k**3 - 4*k**2 + 7*k + 4. Let j(f) = 7*r(f) + 5*x(f). What is j(-3)?
-19
Let u(k) = k + 6. Let a be u(-3). Let s(y) = -9*y**2 + y - 2*y - a + 7*y**2. Give s(-3).
-18
Suppose x + 2*x + 3*q = 18, 4*x + 12 = 5*q. Let h(m) = 1 + 2*m + 0 + 2*m**x - 2*m + 4*m. What is h(-3)?
7
Let c(i) be the second derivative of -i**4/12 - 5*i**3/3 - 25*i**2/2 + 704*i + 2. What is c(-7)?
-4
Let g(m) = -7*m**3 + 4*m**2 + 5*m. Let b(q) = 9*q**3 - 4*q**2 - 5*q + 1. Let y(a) = -3*b(a) - 4*g(a). What is y(5)?
-3
Let q be (6 + -6)/(-5) - (-206)/2. Let x = 106 - q. Let o(n) = n**2 + n + 3. Determine o(x).
15
Suppose -38*m = -41*m + 27. Let d(r) = 2*r**2 - 12*r - 13. Calculate d(m).
41
Let a(f) = 26*f**2 - 2*f + 3. Let v(x) = 26*x**2 - x + 2. Let q(c) = 2*a(c) - 3*v(c). Calculate q(-1).
-25
Let n(u) = u**2 + 8*u + 4. Suppose -40 = 5*t - x, 8 + 2 = 2*x. Give n(t).
-3
Let z(b) = 2*b**3 - 12*b**2 + 5*b + 29. Let l be z(5). Let j(q) = -q**2 + 2*q - 4. Determine j(l).
-12
Let f(s) = -9*s**3 - 5*s**2 - 5*s - 5. Let n(t) = 4*t**3 + 2*t**2 + 2*t + 2. Let o(k) = -3*f(k) - 7*n(k). Determine o(-2).
11
Let k(b) = b + 1. Let v(p) = 3*p + 5. Let o(l) = 6*k(l